{"id":3,"date":"2021-04-08T20:36:13","date_gmt":"2021-04-08T20:36:13","guid":{"rendered":"http:\/\/montajedechimeneas.com\/?page_id=3"},"modified":"2023-02-17T08:49:05","modified_gmt":"2023-02-17T08:49:05","slug":"privacy-policy","status":"publish","type":"page","link":"https:\/\/montajedechimeneas.com\/?page_id=3","title":{"rendered":"Pol\u00edtica de Privacidad"},"content":{"rendered":"\n<p><strong>Datos del propietario de la web:<\/strong><br><strong>RAZ\u00d3N SOCIAL<\/strong>: MONTAJE DE CHIMENEAS SL<br><strong>NIF<\/strong>: B85319820<br><strong>DIRECCI\u00d3N POSTAL<\/strong>: C\/ PLANETA SATURNO 1, PORTAL 3, 3\u00ba-1 28983, PARLA (MADRID)<br><strong>DIRECCI\u00d3N ELECTR\u00d3NICA:<\/strong> monchisl@montajedechimeneas.net<br><strong>TEL\u00c9FONOS<\/strong>: 653966221<br><strong>REGISTRO MERCANTIL<\/strong>: tomo \u2026\u2026., folio \u2026\u2026\u2026.., hoja \u2026\u2026\u2026. e inscripci\u00f3n \u2026\u2026\u2026\u2026\u2026<br><strong>OBJETO PRINCIPAL<\/strong>: montaje de chimeneas<\/p>\n\n\n\n<p class=\"has-text-align-left\"><strong>Protecci\u00f3n de datos<\/strong><br>De conformidad con la normativa vigente y aplicable en protecci\u00f3n de datos de car\u00e1cter personal, le informamos que sus datos ser\u00e1n incorporados al sistema de tratamiento titularidad de MONTAJE DE CHIMENEAS SL con NIF B85319820 y domicilio social sito en   C\/ PLANETA SATURNO 1, PORTAL 3, 3\u00ba-1 28983, PARLA (MADRID), y que a continuaci\u00f3n se relacionan sus respectivas finalidades, plazos de conservaci\u00f3n y bases legitimadoras. Para aquellos tratamientos que lo requieran, se informa tambi\u00e9n de la posible elaboraci\u00f3n de perfiles y decisiones automatizadas, as\u00ed como las posibles cesiones y las transferencias internacionales que MONTAJE DE CHIMENEAS SL tiene previsto realizar:<\/p>\n\n\n\n<p><strong>TRATAMIENTOS REALIZADOS<\/strong><\/p>\n\n\n\n<p><strong>Gesti\u00f3n de la p\u00e1gina web<\/strong><br><strong>Finalidad:<\/strong> Tratamiento y gesti\u00f3n de los datos necesarios para la funcionalidad de la p\u00e1gina<br>web<br><strong>Plazo de conservaci\u00f3n:<\/strong> mientras perdure el consentimiento prestado<br><strong>Base leg\u00edtima:<\/strong> El consentimiento del interesado<br><strong>Tipolog\u00eda de Datos:<\/strong> Datos meramente identificativos<br><strong>Cesiones:<\/strong> No se prev\u00e9n<br><strong>Transferencias internacionales: <\/strong>No se prev\u00e9n<br><strong>Elaboraciones de perfiles:<\/strong> No se prev\u00e9n<br><\/p>\n\n\n\n<p><strong>Formulario web<\/strong><br><strong>Finalidad:<\/strong> Atender sus consultas y\/o solicitudes<br><strong>Plazo de conservaci\u00f3n:<\/strong> mientras se mantenga el consentimiento prestado.<br><strong>Base leg\u00edtima:<\/strong> El consentimiento del interesado<br><strong>Tipolog\u00eda de Datos:<\/strong> Datos meramente identificativos<br><strong>Cesiones:<\/strong> Ninguna<br><strong>Transferencias internacionales:<\/strong> No se prev\u00e9n<br><strong>Elaboraciones de perfiles: <\/strong>No se prev\u00e9n<br><br><strong>Gesti\u00f3n del cumplimiento normativo<\/strong><br><strong>Finalidad:<\/strong> Gesti\u00f3n y tramitaci\u00f3n de las obligaciones y deberes que se deriven del cumplimiento de la normativa a la cual est\u00e1 sujeta la entidad<br><strong>Plazo de conservaci\u00f3n:<\/strong> conservaci\u00f3n de las copias de los documentos hasta que<br>prescriban las acciones para reclamarle una posible responsabilidad<br><strong>Base leg\u00edtima:<\/strong> El cumplimiento de una ley<br><strong>Tipolog\u00eda de Datos:<\/strong> Datos meramente identificativos<br><strong>Cesiones: <\/strong>sus datos ser\u00e1n comunicados en caso de ser necesario a Organismos y\/o<br>administraci\u00f3n p\u00fablica con competencia en la materia con la finalidad de cumplir con las<br>obligaciones establecidas en la normativa aplicable. Adem\u00e1s, se informa que la base<br>legitimadora de la cesi\u00f3n es cumplir con las obligaciones establecidas en la normativa<br>aplicable<br><strong>Transferencias internacionales: <\/strong>No se prev\u00e9n<br><strong>Elaboraciones de perfiles:<\/strong> No se prev\u00e9n<br><\/p>\n\n\n\n<p>Acciones Comerciales<br><strong>Finalidad: <\/strong>Captaci\u00f3n, registro y tratamiento de datos con finalidades de publicidad y<br>prospecci\u00f3n comercial de nuestros productos y\/o servicios<br><strong>Plazo de conservaci\u00f3n:<\/strong> mientras se mantenga el consentimiento prestado<br><strong>Base leg\u00edtima:<\/strong> El consentimiento del interesado<br><strong>Tipolog\u00eda de Datos:<\/strong> Datos meramente identificativos<br><strong>Cesiones:<\/strong> Ninguna<br><strong>Transferencias internacionales:<\/strong> No se prev\u00e9n<br><strong>Elaboraciones de perfiles:<\/strong> No se prev\u00e9n<\/p>\n\n\n\n<p><strong>Derechos de los interesados<\/strong><br>MONTAJE DE CHIMENEAS SL informa a los Usuarios que, podr\u00e1 ejercer los derechos de acceso, rectificaci\u00f3n, limitaci\u00f3n, supresi\u00f3n, portabilidad y oposici\u00f3n al tratamiento de sus datos de car\u00e1cter personal ante el Responsable del Tratamiento, as\u00ed como a la retirada del consentimiento prestado.<br>\uf0a7 <strong>Derecho de Acceso: <\/strong>Es el derecho del usuario a obtener informaci\u00f3n sobre sus datos concretos de car\u00e1cter personal y del tratamiento que se haya realizado o realice, as\u00ed como de la informaci\u00f3n disponible sobre el origen de dichos datos y las comunicaciones realizadas o previstas de los mismos.<br><strong>Derecho de Rectificaci\u00f3n:<\/strong> Es el derecho del afectado a que se modifiquen los datos que resulten ser inexactos o incompletos. S\u00f3lo podr\u00e1 satisfacerse en relaci\u00f3n a aquella informaci\u00f3n que se encuentre bajo el control de MONTAJE DE CHIMENEAS SL, por ejemplo, eliminar comentarios publicados en la propia p\u00e1gina, im\u00e1genes o contenidos web donde consten datos de car\u00e1cter personal del usuario.<br><strong>Derecho a la Limitaci\u00f3n de tratamiento:<\/strong> Es el derecho a que se limiten los fines del tratamiento previstos de forma original por el responsable del tratamiento.<br><strong>Derecho de Supresi\u00f3n:<\/strong> Es el derecho a suprimir los datos de car\u00e1cter personal del usuario, a excepci\u00f3n de lo previsto en el propio RGPD o en otras normativas aplicables que determinen la obligatoriedad de la conservaci\u00f3n de los mismos, en tiempo y forma.<br><strong>Derecho de portabilidad:<\/strong> El derecho a recibir los datos personales que el usuario, haya facilitado, en un formato estructurado, de uso com\u00fan y lectura mec\u00e1nica, y a transmitirlos a otro responsable.<br><strong>Derecho de Oposici\u00f3n: <\/strong>Es el derecho del usuario a que no se lleve a cabo el tratamiento de sus datos de car\u00e1cter personal o se cese el tratamiento de los mismos por parte de MONTAJE DE CHIMENEAS SL.<\/p>\n\n\n\n<p>Para poder ejercer cualquiera de los derechos descritos anteriormente deber\u00e1 cumplir con los siguientes requisitos:<br>\uf0b7 \u00ba Presentaci\u00f3n de un escrito a la direcci\u00f3n C\/ PLANETA SATURNO 1, PORTAL 3, 3\u00ba-1 28983, PARLA (MADRID) (a la atenci\u00f3n de MONTAJE DE CHIMENEAS SL) o bien a trav\u00e9s de correo electr\u00f3nico a monchisl@montajedechimeneas.net.<br>\uf0b7 \u00ba El escrito remitido por el titular de los datos que solicite el ejercicio deber\u00e1 de cumplir los siguientes requisitos legales:<br><strong>&#8211; <\/strong>Nombre, apellidos del interesado y copia del DNI\/NIE o cualquier documento identificativo. En los excepcionales casos en que se admita la representaci\u00f3n, ser\u00e1 tambi\u00e9n necesaria la<br>identificaci\u00f3n por el mismo medio de la persona que le representa, as\u00ed como el documento<br>acreditativo de la representaci\u00f3n. La fotocopia del DNI podr\u00e1 ser sustituida siempre que se<br>acredite la identidad por cualquier otro medio v\u00e1lido en derecho.<br><strong>&#8211;<\/strong> Petici\u00f3n en que se concreta la solicitud. (Ejercicio en el que se solicita la informaci\u00f3n a la que se quiere acceder). Si no hace referencia a un fichero concreto se le facilitar\u00e1 toda la<br>informaci\u00f3n que se tenga con sus datos de car\u00e1cter personal. Si solicita informaci\u00f3n de un<br>fichero en concreto, s\u00f3lo la informaci\u00f3n de este fichero. Si solicita informaci\u00f3n relativa a un tercero nunca se podr\u00e1 facilitar. Si lo solicita por tel\u00e9fono se le indicar\u00e1 que lo haga por escrito y se le informar\u00e1 de c\u00f3mo lo puede hacer y la direcci\u00f3n a la que tiene que enviarlo. Nunca se le dar\u00e1 informaci\u00f3n por tel\u00e9fono.<br>&#8211; Domicilio a efectos de notificaciones.<br>&#8211; Fecha y firma del solicitante.<br>&#8211; Documentos acreditativos de la petici\u00f3n que formula.<br>&#8211; El interesado debe utilizar cualquier medio que permita acreditar el env\u00edo y la recepci\u00f3n de la solicitud.<\/p>\n\n\n\n<p>Por \u00faltimo, le informamos que Usted tiene derecho a presentar una reclamaci\u00f3n ante la Agencia Espa\u00f1ola de Protecci\u00f3n de Datos en caso de que tenga conocimiento o considere que un hecho pueda suponer un incumplimiento de la normativa aplicable en materia de protecci\u00f3n de datos.<br><\/p>\n\n\n\n<p>MONTAJE DE CHIMENEAS SL se compromete a adoptar las medidas t\u00e9cnicas y organizativas necesarias, acorde al nivel de riesgos que acompa\u00f1an los tratamientos realizados por \u00e9stas e indicados en el apartado de los t\u00e9rminos y condiciones de uso, de forma que garanticen su integridad, confidencialidad y disponibilidad.<\/p>\n\n\n\n<p><\/p>\n","protected":false},"excerpt":{"rendered":"<p>Datos del propietario de la web:RAZ\u00d3N SOCIAL: MONTAJE DE CHIMENEAS SLNIF: B85319820DIRECCI\u00d3N POSTAL: C\/ PLANETA SATURNO 1, PORTAL 3, 3\u00ba-1 28983, PARLA (MADRID)DIRECCI\u00d3N ELECTR\u00d3NICA: monchisl@montajedechimeneas.netTEL\u00c9FONOS: 653966221REGISTRO MERCANTIL: tomo \u2026\u2026., folio \u2026\u2026\u2026.., hoja \u2026\u2026\u2026. e inscripci\u00f3n \u2026\u2026\u2026\u2026\u2026OBJETO PRINCIPAL: montaje de chimeneas Protecci\u00f3n de datosDe conformidad con la normativa vigente y aplicable en protecci\u00f3n de datos de &hellip;<\/p>\n<p class=\"read-more\"> <a class=\"\" href=\"https:\/\/montajedechimeneas.com\/?page_id=3\"> <span class=\"screen-reader-text\">Pol\u00edtica de Privacidad<\/span> Leer m\u00e1s &raquo;<\/a><\/p>\n","protected":false},"author":1,"featured_media":0,"parent":0,"menu_order":0,"comment_status":"closed","ping_status":"closed","template":"","meta":{"_mi_skip_tracking":false,"site-sidebar-layout":"default","site-content-layout":"default","ast-global-header-display":"","ast-main-header-display":"","ast-hfb-above-header-display":"","ast-hfb-below-header-display":"","ast-hfb-mobile-header-display":"","site-post-title":"","ast-breadcrumbs-content":"","ast-featured-img":"","footer-sml-layout":"","theme-transparent-header-meta":"default","adv-header-id-meta":"","stick-header-meta":"","header-above-stick-meta":"","header-main-stick-meta":"","header-below-stick-meta":"","_joinchat":[],"footnotes":""},"class_list":["post-3","page","type-page","status-publish","hentry"],"_links":{"self":[{"href":"https:\/\/montajedechimeneas.com\/index.php?rest_route=\/wp\/v2\/pages\/3","targetHints":{"allow":["GET"]}}],"collection":[{"href":"https:\/\/montajedechimeneas.com\/index.php?rest_route=\/wp\/v2\/pages"}],"about":[{"href":"https:\/\/montajedechimeneas.com\/index.php?rest_route=\/wp\/v2\/types\/page"}],"author":[{"embeddable":true,"href":"https:\/\/montajedechimeneas.com\/index.php?rest_route=\/wp\/v2\/users\/1"}],"replies":[{"embeddable":true,"href":"https:\/\/montajedechimeneas.com\/index.php?rest_route=%2Fwp%2Fv2%2Fcomments&post=3"}],"version-history":[{"count":4,"href":"https:\/\/montajedechimeneas.com\/index.php?rest_route=\/wp\/v2\/pages\/3\/revisions"}],"predecessor-version":[{"id":2570,"href":"https:\/\/montajedechimeneas.com\/index.php?rest_route=\/wp\/v2\/pages\/3\/revisions\/2570"}],"wp:attachment":[{"href":"https:\/\/montajedechimeneas.com\/index.php?rest_route=%2Fwp%2Fv2%2Fmedia&parent=3"}],"curies":[{"name":"wp","href":"https:\/\/api.w.org\/{rel}","templated":true}]}}