{"id":1307,"date":"2021-04-20T16:43:29","date_gmt":"2021-04-20T16:43:29","guid":{"rendered":"https:\/\/montajedechimeneas.com\/?page_id=1307"},"modified":"2023-05-05T08:31:09","modified_gmt":"2023-05-05T08:31:09","slug":"hosteleria","status":"publish","type":"page","link":"https:\/\/montajedechimeneas.com\/?page_id=1307","title":{"rendered":"Hosteleria"},"content":{"rendered":"\t\t<div data-elementor-type=\"wp-page\" data-elementor-id=\"1307\" class=\"elementor elementor-1307\" data-elementor-settings=\"[]\">\n\t\t\t\t\t\t\t<div class=\"elementor-section-wrap\">\n\t\t\t\t\t\t\t<section class=\"elementor-section elementor-top-section elementor-element elementor-element-34277c67 elementor-section-boxed elementor-section-height-default elementor-section-height-default\" data-id=\"34277c67\" data-element_type=\"section\">\n\t\t\t\t\t\t\t<div class=\"elementor-background-overlay\"><\/div>\n\t\t\t\t\t\t\t<div class=\"elementor-container elementor-column-gap-no\">\n\t\t\t\t\t<div class=\"elementor-column elementor-col-50 elementor-top-column elementor-element elementor-element-217497e3\" data-id=\"217497e3\" data-element_type=\"column\">\n\t\t\t<div class=\"elementor-widget-wrap elementor-element-populated\">\n\t\t\t\t\t\t\t\t<div class=\"elementor-element elementor-element-25666558 elementor-widget elementor-widget-heading\" data-id=\"25666558\" data-element_type=\"widget\" data-widget_type=\"heading.default\">\n\t\t\t\t<div class=\"elementor-widget-container\">\n\t\t\t<h1 class=\"elementor-heading-title elementor-size-default\">Hosteler\u00eda<\/h1>\t\t<\/div>\n\t\t\t\t<\/div>\n\t\t\t\t\t<\/div>\n\t\t<\/div>\n\t\t\t\t<div class=\"elementor-column elementor-col-50 elementor-top-column elementor-element elementor-element-2d17052\" data-id=\"2d17052\" data-element_type=\"column\">\n\t\t\t<div class=\"elementor-widget-wrap elementor-element-populated\">\n\t\t\t\t\t\t\t\t<div class=\"elementor-element elementor-element-77680b8d elementor-widget elementor-widget-text-editor\" data-id=\"77680b8d\" data-element_type=\"widget\" data-widget_type=\"text-editor.default\">\n\t\t\t\t<div class=\"elementor-widget-container\">\n\t\t\t\t\t<div class=\"elementor-text-editor elementor-clearfix\"><p><span style=\"font-weight: 400;\">Realizamos el sistema de extracci\u00f3n de su cocina, con todos los componentes necesarios:<\/span><\/p><p><span style=\"font-weight: 400;\">&#8211; Campana extractora con sistemas de extinci\u00f3n de incendios.<\/span><\/p><p><span style=\"font-weight: 400;\">-Extractores con clasificaci\u00f3n 400\u00baC\/2h espec\u00edficos para este tipo de instalaciones.<\/span><\/p><p><span style=\"font-weight: 400;\">-Conductos de extracci\u00f3n manteniendo la clasificaci\u00f3n al fuego EI30, exigible seg\u00fan el Documento B\u00e1sico de Seguridad en caso de Incendio (DBSI) del C\u00f3digo T\u00e9cnico de Edificaci\u00f3n (CTE).<\/span><\/p><p><span style=\"font-weight: 400;\">En definitiva nosotros nos encargaremos de hasta el \u00faltimo detalle para que usted no tenga que preocuparse de nada en lo referente a la adecuaci\u00f3n de sus instalaciones.<\/span><\/p><\/div>\n\t\t\t\t<\/div>\n\t\t\t\t<\/div>\n\t\t\t\t<div class=\"elementor-element elementor-element-79f77c2 elementor-widget elementor-widget-text-editor\" data-id=\"79f77c2\" data-element_type=\"widget\" data-widget_type=\"text-editor.default\">\n\t\t\t\t<div class=\"elementor-widget-container\">\n\t\t\t\t\t<div class=\"elementor-text-editor elementor-clearfix\"><p><span style=\"font-weight: 400;\">No dude en consultarnos y nuestros t\u00e9cnicos valorar\u00e1n en sus instalaciones todo lo relacionado con sus necesidades.<\/span><\/p><p><span style=\"font-weight: 400;\">Todo ello avalado por personal t\u00e9cnico cualificado, que realizar\u00e1 los c\u00e1lculos necesarios para que su cocina est\u00e9 libre de <\/span><b>Malos Humos<\/b><span style=\"font-weight: 400;\">, utilizando siempre productos de primeras marcas y calidades.<\/span><\/p><\/div>\n\t\t\t\t<\/div>\n\t\t\t\t<\/div>\n\t\t\t\t<div class=\"elementor-element elementor-element-e34e42d elementor-align-center elementor-widget elementor-widget-button\" data-id=\"e34e42d\" data-element_type=\"widget\" data-widget_type=\"button.default\">\n\t\t\t\t<div class=\"elementor-widget-container\">\n\t\t\t\t\t<div class=\"elementor-button-wrapper\">\n\t\t\t<a href=\"https:\/\/montajedechimeneas.com\/?page_id=754\" class=\"elementor-button-link elementor-button elementor-size-sm\" role=\"button\">\n\t\t\t\t\t\t<span class=\"elementor-button-content-wrapper\">\n\t\t\t\t\t\t<span class=\"elementor-button-text\">Haz clic aqu\u00ed para contactarnos.<\/span>\n\t\t<\/span>\n\t\t\t\t\t<\/a>\n\t\t<\/div>\n\t\t\t\t<\/div>\n\t\t\t\t<\/div>\n\t\t\t\t\t<\/div>\n\t\t<\/div>\n\t\t\t\t\t\t\t<\/div>\n\t\t<\/section>\n\t\t\t\t<section class=\"elementor-section elementor-top-section elementor-element elementor-element-15b8fc0 elementor-section-boxed elementor-section-height-default elementor-section-height-default\" data-id=\"15b8fc0\" data-element_type=\"section\" data-settings=\"{&quot;background_background&quot;:&quot;gradient&quot;}\">\n\t\t\t\t\t\t<div class=\"elementor-container elementor-column-gap-no\">\n\t\t\t\t\t<div class=\"elementor-column elementor-col-100 elementor-top-column elementor-element elementor-element-32c9251\" data-id=\"32c9251\" data-element_type=\"column\">\n\t\t\t<div class=\"elementor-widget-wrap elementor-element-populated\">\n\t\t\t\t\t\t\t\t<div class=\"elementor-element elementor-element-d3270de gallery-spacing-custom elementor-widget elementor-widget-image-gallery\" data-id=\"d3270de\" data-element_type=\"widget\" data-settings=\"{&quot;_animation&quot;:&quot;none&quot;}\" data-widget_type=\"image-gallery.default\">\n\t\t\t\t<div class=\"elementor-widget-container\">\n\t\t\t\t\t<div class=\"elementor-image-gallery\">\n\t\t\t<div id='gallery-1' class='gallery galleryid-1307 gallery-columns-6 gallery-size-medium_large'><figure class='gallery-item'>\n\t\t\t<div class='gallery-icon landscape'>\n\t\t\t\t<a data-elementor-open-lightbox=\"yes\" data-elementor-lightbox-slideshow=\"d3270de\" data-elementor-lightbox-title=\"Montaje de chimeneas en Madrid\" data-elementor-lightbox-description=\"Montaje de chimeneas en Madrid\" href='https:\/\/montajedechimeneas.com\/wp-content\/uploads\/2021\/04\/Campanas-y-conductos-1-1.jpg'><img loading=\"lazy\" decoding=\"async\" width=\"768\" height=\"576\" src=\"https:\/\/montajedechimeneas.com\/wp-content\/uploads\/2021\/04\/Campanas-y-conductos-1-1-768x576.jpg\" class=\"attachment-medium_large size-medium_large\" alt=\"Montaje de chimeneas en Madrid\" srcset=\"https:\/\/montajedechimeneas.com\/wp-content\/uploads\/2021\/04\/Campanas-y-conductos-1-1-768x576.jpg 768w, https:\/\/montajedechimeneas.com\/wp-content\/uploads\/2021\/04\/Campanas-y-conductos-1-1-300x225.jpg 300w, https:\/\/montajedechimeneas.com\/wp-content\/uploads\/2021\/04\/Campanas-y-conductos-1-1.jpg 960w\" sizes=\"auto, (max-width: 768px) 100vw, 768px\" \/><\/a>\n\t\t\t<\/div><\/figure><figure class='gallery-item'>\n\t\t\t<div class='gallery-icon landscape'>\n\t\t\t\t<a data-elementor-open-lightbox=\"yes\" data-elementor-lightbox-slideshow=\"d3270de\" data-elementor-lightbox-title=\"Montaje de chimeneas en Madrid\" data-elementor-lightbox-description=\"Montaje de chimeneas en Madrid\" href='https:\/\/montajedechimeneas.com\/wp-content\/uploads\/2021\/04\/Campanas-y-conductos-2-scaled.jpg'><img loading=\"lazy\" decoding=\"async\" width=\"768\" height=\"576\" src=\"https:\/\/montajedechimeneas.com\/wp-content\/uploads\/2021\/04\/Campanas-y-conductos-2-scaled.jpg\" class=\"attachment-medium_large size-medium_large\" alt=\"Montaje de chimeneas en Madrid\" srcset=\"https:\/\/montajedechimeneas.com\/wp-content\/uploads\/2021\/04\/Campanas-y-conductos-2-scaled.jpg 2560w, https:\/\/montajedechimeneas.com\/wp-content\/uploads\/2021\/04\/Campanas-y-conductos-2-300x225.jpg 300w\" sizes=\"auto, (max-width: 768px) 100vw, 768px\" \/><\/a>\n\t\t\t<\/div><\/figure><figure class='gallery-item'>\n\t\t\t<div class='gallery-icon landscape'>\n\t\t\t\t<a data-elementor-open-lightbox=\"yes\" data-elementor-lightbox-slideshow=\"d3270de\" data-elementor-lightbox-title=\"Montaje de chimeneas en Madrid\" data-elementor-lightbox-description=\"Montaje de chimeneas en Madrid\" href='https:\/\/montajedechimeneas.com\/wp-content\/uploads\/2021\/04\/Campanas-y-conductos-3-scaled.jpg'><img loading=\"lazy\" decoding=\"async\" width=\"768\" height=\"576\" src=\"https:\/\/montajedechimeneas.com\/wp-content\/uploads\/2021\/04\/Campanas-y-conductos-3-scaled.jpg\" class=\"attachment-medium_large size-medium_large\" alt=\"Montaje de chimeneas en Madrid\" srcset=\"https:\/\/montajedechimeneas.com\/wp-content\/uploads\/2021\/04\/Campanas-y-conductos-3-scaled.jpg 2560w, https:\/\/montajedechimeneas.com\/wp-content\/uploads\/2021\/04\/Campanas-y-conductos-3-300x225.jpg 300w\" sizes=\"auto, (max-width: 768px) 100vw, 768px\" \/><\/a>\n\t\t\t<\/div><\/figure><figure class='gallery-item'>\n\t\t\t<div class='gallery-icon landscape'>\n\t\t\t\t<a data-elementor-open-lightbox=\"yes\" data-elementor-lightbox-slideshow=\"d3270de\" data-elementor-lightbox-title=\"Montaje de chimeneas en Madrid\" data-elementor-lightbox-description=\"Montaje de chimeneas en Madrid\" href='https:\/\/montajedechimeneas.com\/wp-content\/uploads\/2021\/04\/Campanas-y-conductos-4-scaled.jpg'><img loading=\"lazy\" decoding=\"async\" width=\"768\" height=\"576\" src=\"https:\/\/montajedechimeneas.com\/wp-content\/uploads\/2021\/04\/Campanas-y-conductos-4-scaled.jpg\" class=\"attachment-medium_large size-medium_large\" alt=\"Montaje de chimeneas en Madrid\" srcset=\"https:\/\/montajedechimeneas.com\/wp-content\/uploads\/2021\/04\/Campanas-y-conductos-4-scaled.jpg 2560w, https:\/\/montajedechimeneas.com\/wp-content\/uploads\/2021\/04\/Campanas-y-conductos-4-300x225.jpg 300w\" sizes=\"auto, (max-width: 768px) 100vw, 768px\" \/><\/a>\n\t\t\t<\/div><\/figure><figure class='gallery-item'>\n\t\t\t<div class='gallery-icon landscape'>\n\t\t\t\t<a data-elementor-open-lightbox=\"yes\" data-elementor-lightbox-slideshow=\"d3270de\" data-elementor-lightbox-title=\"Montaje de chimeneas en Madrid\" data-elementor-lightbox-description=\"Montaje de chimeneas en Madrid\" href='https:\/\/montajedechimeneas.com\/wp-content\/uploads\/2021\/04\/Campanas-y-conductos-10.jpg'><img loading=\"lazy\" decoding=\"async\" width=\"768\" height=\"576\" src=\"https:\/\/montajedechimeneas.com\/wp-content\/uploads\/2021\/04\/Campanas-y-conductos-10-768x576.jpg\" class=\"attachment-medium_large size-medium_large\" alt=\"Montaje de chimeneas en Madrid\" srcset=\"https:\/\/montajedechimeneas.com\/wp-content\/uploads\/2021\/04\/Campanas-y-conductos-10-768x576.jpg 768w, https:\/\/montajedechimeneas.com\/wp-content\/uploads\/2021\/04\/Campanas-y-conductos-10-300x225.jpg 300w, https:\/\/montajedechimeneas.com\/wp-content\/uploads\/2021\/04\/Campanas-y-conductos-10-1024x768.jpg 1024w, https:\/\/montajedechimeneas.com\/wp-content\/uploads\/2021\/04\/Campanas-y-conductos-10-1536x1152.jpg 1536w, https:\/\/montajedechimeneas.com\/wp-content\/uploads\/2021\/04\/Campanas-y-conductos-10.jpg 1600w\" sizes=\"auto, (max-width: 768px) 100vw, 768px\" \/><\/a>\n\t\t\t<\/div><\/figure><figure class='gallery-item'>\n\t\t\t<div class='gallery-icon landscape'>\n\t\t\t\t<a data-elementor-open-lightbox=\"yes\" data-elementor-lightbox-slideshow=\"d3270de\" data-elementor-lightbox-title=\"Campanas y conductos 9\" data-elementor-lightbox-description=\"Montaje de chimeneas en Madrid\" href='https:\/\/montajedechimeneas.com\/wp-content\/uploads\/2021\/04\/Campanas-y-conductos-9.jpg'><img loading=\"lazy\" decoding=\"async\" width=\"768\" height=\"576\" src=\"https:\/\/montajedechimeneas.com\/wp-content\/uploads\/2021\/04\/Campanas-y-conductos-9-768x576.jpg\" class=\"attachment-medium_large size-medium_large\" alt=\"Montaje de chimeneas en Madrid\" srcset=\"https:\/\/montajedechimeneas.com\/wp-content\/uploads\/2021\/04\/Campanas-y-conductos-9-768x576.jpg 768w, https:\/\/montajedechimeneas.com\/wp-content\/uploads\/2021\/04\/Campanas-y-conductos-9-300x225.jpg 300w, https:\/\/montajedechimeneas.com\/wp-content\/uploads\/2021\/04\/Campanas-y-conductos-9-1024x768.jpg 1024w, https:\/\/montajedechimeneas.com\/wp-content\/uploads\/2021\/04\/Campanas-y-conductos-9-1536x1152.jpg 1536w, https:\/\/montajedechimeneas.com\/wp-content\/uploads\/2021\/04\/Campanas-y-conductos-9.jpg 1600w\" sizes=\"auto, (max-width: 768px) 100vw, 768px\" \/><\/a>\n\t\t\t<\/div><\/figure><figure class='gallery-item'>\n\t\t\t<div class='gallery-icon portrait'>\n\t\t\t\t<a data-elementor-open-lightbox=\"yes\" data-elementor-lightbox-slideshow=\"d3270de\" data-elementor-lightbox-title=\"Campanas y conductos Montaje de chimeneas para hosteleria en Madrid1\" data-elementor-lightbox-description=\"Montaje de chimeneas para hosteleria en Madrid\" href='https:\/\/montajedechimeneas.com\/wp-content\/uploads\/2021\/04\/Campanas-y-conductos-11-scaled.jpg'><img loading=\"lazy\" decoding=\"async\" width=\"768\" height=\"1024\" src=\"https:\/\/montajedechimeneas.com\/wp-content\/uploads\/2021\/04\/Campanas-y-conductos-11-scaled.jpg\" class=\"attachment-medium_large size-medium_large\" alt=\"Montaje de chimeneas para hosteleria en Madrid\" \/><\/a>\n\t\t\t<\/div><\/figure><figure class='gallery-item'>\n\t\t\t<div class='gallery-icon landscape'>\n\t\t\t\t<a data-elementor-open-lightbox=\"yes\" data-elementor-lightbox-slideshow=\"d3270de\" data-elementor-lightbox-title=\"Campanas y conductos 8\" data-elementor-lightbox-description=\"Montaje de chimeneas en Madrid\" href='https:\/\/montajedechimeneas.com\/wp-content\/uploads\/2021\/04\/Campanas-y-conductos-8-scaled.jpg'><img loading=\"lazy\" decoding=\"async\" width=\"768\" height=\"576\" src=\"https:\/\/montajedechimeneas.com\/wp-content\/uploads\/2021\/04\/Campanas-y-conductos-8-scaled.jpg\" class=\"attachment-medium_large size-medium_large\" alt=\"Montaje de chimeneas en Madrid\" srcset=\"https:\/\/montajedechimeneas.com\/wp-content\/uploads\/2021\/04\/Campanas-y-conductos-8-scaled.jpg 2560w, https:\/\/montajedechimeneas.com\/wp-content\/uploads\/2021\/04\/Campanas-y-conductos-8-300x225.jpg 300w\" sizes=\"auto, (max-width: 768px) 100vw, 768px\" \/><\/a>\n\t\t\t<\/div><\/figure><figure class='gallery-item'>\n\t\t\t<div class='gallery-icon landscape'>\n\t\t\t\t<a data-elementor-open-lightbox=\"yes\" data-elementor-lightbox-slideshow=\"d3270de\" data-elementor-lightbox-title=\"Campanas y conductos 5\" data-elementor-lightbox-description=\"Montaje de chimeneas en Madrid\" href='https:\/\/montajedechimeneas.com\/wp-content\/uploads\/2021\/04\/Campanas-y-conductos-5-1-scaled.jpg'><img loading=\"lazy\" decoding=\"async\" width=\"768\" height=\"432\" src=\"https:\/\/montajedechimeneas.com\/wp-content\/uploads\/2021\/04\/Campanas-y-conductos-5-1-768x432.jpg\" class=\"attachment-medium_large size-medium_large\" alt=\"Montaje de chimeneas en Madrid\" srcset=\"https:\/\/montajedechimeneas.com\/wp-content\/uploads\/2021\/04\/Campanas-y-conductos-5-1-768x432.jpg 768w, https:\/\/montajedechimeneas.com\/wp-content\/uploads\/2021\/04\/Campanas-y-conductos-5-1-300x169.jpg 300w, https:\/\/montajedechimeneas.com\/wp-content\/uploads\/2021\/04\/Campanas-y-conductos-5-1-1024x576.jpg 1024w, https:\/\/montajedechimeneas.com\/wp-content\/uploads\/2021\/04\/Campanas-y-conductos-5-1-1536x864.jpg 1536w, https:\/\/montajedechimeneas.com\/wp-content\/uploads\/2021\/04\/Campanas-y-conductos-5-1-2048x1152.jpg 2048w\" sizes=\"auto, (max-width: 768px) 100vw, 768px\" \/><\/a>\n\t\t\t<\/div><\/figure><figure class='gallery-item'>\n\t\t\t<div class='gallery-icon landscape'>\n\t\t\t\t<a data-elementor-open-lightbox=\"yes\" data-elementor-lightbox-slideshow=\"d3270de\" data-elementor-lightbox-title=\"Campanas y conductos 6\" data-elementor-lightbox-description=\"Montaje de chimeneas en Madrid\" href='https:\/\/montajedechimeneas.com\/wp-content\/uploads\/2021\/04\/Campanas-y-conductos-6-1-scaled.jpg'><img loading=\"lazy\" decoding=\"async\" width=\"768\" height=\"432\" src=\"https:\/\/montajedechimeneas.com\/wp-content\/uploads\/2021\/04\/Campanas-y-conductos-6-1-768x432.jpg\" class=\"attachment-medium_large size-medium_large\" alt=\"Montaje de chimeneas en Madrid\" srcset=\"https:\/\/montajedechimeneas.com\/wp-content\/uploads\/2021\/04\/Campanas-y-conductos-6-1-768x432.jpg 768w, https:\/\/montajedechimeneas.com\/wp-content\/uploads\/2021\/04\/Campanas-y-conductos-6-1-300x169.jpg 300w, https:\/\/montajedechimeneas.com\/wp-content\/uploads\/2021\/04\/Campanas-y-conductos-6-1-1024x576.jpg 1024w, https:\/\/montajedechimeneas.com\/wp-content\/uploads\/2021\/04\/Campanas-y-conductos-6-1-1536x864.jpg 1536w, https:\/\/montajedechimeneas.com\/wp-content\/uploads\/2021\/04\/Campanas-y-conductos-6-1-2048x1152.jpg 2048w\" sizes=\"auto, (max-width: 768px) 100vw, 768px\" \/><\/a>\n\t\t\t<\/div><\/figure><figure class='gallery-item'>\n\t\t\t<div class='gallery-icon landscape'>\n\t\t\t\t<a data-elementor-open-lightbox=\"yes\" data-elementor-lightbox-slideshow=\"d3270de\" data-elementor-lightbox-title=\"Campanas y conductos 7\" data-elementor-lightbox-description=\"Montaje de chimeneas en Madrid\" href='https:\/\/montajedechimeneas.com\/wp-content\/uploads\/2021\/04\/Campanas-y-conductos-7-scaled.jpg'><img loading=\"lazy\" decoding=\"async\" width=\"768\" height=\"576\" src=\"https:\/\/montajedechimeneas.com\/wp-content\/uploads\/2021\/04\/Campanas-y-conductos-7-scaled.jpg\" class=\"attachment-medium_large size-medium_large\" alt=\"Montaje de chimeneas en Madrid\" srcset=\"https:\/\/montajedechimeneas.com\/wp-content\/uploads\/2021\/04\/Campanas-y-conductos-7-scaled.jpg 2560w, https:\/\/montajedechimeneas.com\/wp-content\/uploads\/2021\/04\/Campanas-y-conductos-7-300x225.jpg 300w\" sizes=\"auto, (max-width: 768px) 100vw, 768px\" \/><\/a>\n\t\t\t<\/div><\/figure><figure class='gallery-item'>\n\t\t\t<div class='gallery-icon portrait'>\n\t\t\t\t<a data-elementor-open-lightbox=\"yes\" data-elementor-lightbox-slideshow=\"d3270de\" data-elementor-lightbox-title=\"Montaje de chimeneas para hosteleria en Madrid Campanas y conductos\" data-elementor-lightbox-description=\"Montaje de chimeneas para hosteleria en Madrid\" href='https:\/\/montajedechimeneas.com\/wp-content\/uploads\/2021\/04\/Campanas-y-conductos-12-scaled.jpg'><img loading=\"lazy\" decoding=\"async\" width=\"768\" height=\"1024\" src=\"https:\/\/montajedechimeneas.com\/wp-content\/uploads\/2021\/04\/Campanas-y-conductos-12-scaled.jpg\" class=\"attachment-medium_large size-medium_large\" alt=\"Montaje de chimeneas para hosteleria en Madrid\" srcset=\"https:\/\/montajedechimeneas.com\/wp-content\/uploads\/2021\/04\/Campanas-y-conductos-12-scaled.jpg 1920w, https:\/\/montajedechimeneas.com\/wp-content\/uploads\/2021\/04\/Campanas-y-conductos-12-225x300.jpg 225w\" sizes=\"auto, (max-width: 768px) 100vw, 768px\" \/><\/a>\n\t\t\t<\/div><\/figure>\n\t\t<\/div>\n\t\t<\/div>\n\t\t\t\t<\/div>\n\t\t\t\t<\/div>\n\t\t\t\t\t<\/div>\n\t\t<\/div>\n\t\t\t\t\t\t\t<\/div>\n\t\t<\/section>\n\t\t\t\t\t\t<\/div>\n\t\t\t\t\t<\/div>\n\t\t","protected":false},"excerpt":{"rendered":"<p>Hosteler\u00eda Realizamos el sistema de extracci\u00f3n de su cocina, con todos los componentes necesarios: &#8211; Campana extractora con sistemas de extinci\u00f3n de incendios. -Extractores con clasificaci\u00f3n 400\u00baC\/2h espec\u00edficos para este tipo de instalaciones. -Conductos de extracci\u00f3n manteniendo la clasificaci\u00f3n al fuego EI30, exigible seg\u00fan el Documento B\u00e1sico de Seguridad en caso de Incendio (DBSI) del &hellip;<\/p>\n<p class=\"read-more\"> <a class=\"\" href=\"https:\/\/montajedechimeneas.com\/?page_id=1307\"> <span class=\"screen-reader-text\">Hosteleria<\/span> Leer m\u00e1s &raquo;<\/a><\/p>\n","protected":false},"author":1,"featured_media":0,"parent":0,"menu_order":0,"comment_status":"closed","ping_status":"closed","template":"","meta":{"_mi_skip_tracking":false,"site-sidebar-layout":"no-sidebar","site-content-layout":"page-builder","ast-global-header-display":"","ast-main-header-display":"","ast-hfb-above-header-display":"","ast-hfb-below-header-display":"","ast-hfb-mobile-header-display":"","site-post-title":"disabled","ast-breadcrumbs-content":"","ast-featured-img":"disabled","footer-sml-layout":"","theme-transparent-header-meta":"default","adv-header-id-meta":"","stick-header-meta":"","header-above-stick-meta":"","header-main-stick-meta":"","header-below-stick-meta":"","_joinchat":[],"footnotes":""},"class_list":["post-1307","page","type-page","status-publish","hentry"],"_links":{"self":[{"href":"https:\/\/montajedechimeneas.com\/index.php?rest_route=\/wp\/v2\/pages\/1307","targetHints":{"allow":["GET"]}}],"collection":[{"href":"https:\/\/montajedechimeneas.com\/index.php?rest_route=\/wp\/v2\/pages"}],"about":[{"href":"https:\/\/montajedechimeneas.com\/index.php?rest_route=\/wp\/v2\/types\/page"}],"author":[{"embeddable":true,"href":"https:\/\/montajedechimeneas.com\/index.php?rest_route=\/wp\/v2\/users\/1"}],"replies":[{"embeddable":true,"href":"https:\/\/montajedechimeneas.com\/index.php?rest_route=%2Fwp%2Fv2%2Fcomments&post=1307"}],"version-history":[{"count":73,"href":"https:\/\/montajedechimeneas.com\/index.php?rest_route=\/wp\/v2\/pages\/1307\/revisions"}],"predecessor-version":[{"id":2879,"href":"https:\/\/montajedechimeneas.com\/index.php?rest_route=\/wp\/v2\/pages\/1307\/revisions\/2879"}],"wp:attachment":[{"href":"https:\/\/montajedechimeneas.com\/index.php?rest_route=%2Fwp%2Fv2%2Fmedia&parent=1307"}],"curies":[{"name":"wp","href":"https:\/\/api.w.org\/{rel}","templated":true}]}}