{"id":1226,"date":"2021-04-20T15:04:53","date_gmt":"2021-04-20T15:04:53","guid":{"rendered":"https:\/\/montajedechimeneas.com\/?page_id=1226"},"modified":"2023-05-05T08:31:57","modified_gmt":"2023-05-05T08:31:57","slug":"industria","status":"publish","type":"page","link":"https:\/\/montajedechimeneas.com\/?page_id=1226","title":{"rendered":"industria"},"content":{"rendered":"\t\t<div data-elementor-type=\"wp-page\" data-elementor-id=\"1226\" class=\"elementor elementor-1226\" data-elementor-settings=\"[]\">\n\t\t\t\t\t\t\t<div class=\"elementor-section-wrap\">\n\t\t\t\t\t\t\t<section class=\"elementor-section elementor-top-section elementor-element elementor-element-34277c67 elementor-section-boxed elementor-section-height-default elementor-section-height-default\" data-id=\"34277c67\" data-element_type=\"section\">\n\t\t\t\t\t\t\t<div class=\"elementor-background-overlay\"><\/div>\n\t\t\t\t\t\t\t<div class=\"elementor-container elementor-column-gap-no\">\n\t\t\t\t\t<div class=\"elementor-column elementor-col-50 elementor-top-column elementor-element elementor-element-217497e3\" data-id=\"217497e3\" data-element_type=\"column\">\n\t\t\t<div class=\"elementor-widget-wrap elementor-element-populated\">\n\t\t\t\t\t\t\t\t<div class=\"elementor-element elementor-element-25666558 elementor-widget elementor-widget-heading\" data-id=\"25666558\" data-element_type=\"widget\" data-widget_type=\"heading.default\">\n\t\t\t\t<div class=\"elementor-widget-container\">\n\t\t\t<h2 class=\"elementor-heading-title elementor-size-default\">      Industria<\/h2>\t\t<\/div>\n\t\t\t\t<\/div>\n\t\t\t\t\t<\/div>\n\t\t<\/div>\n\t\t\t\t<div class=\"elementor-column elementor-col-50 elementor-top-column elementor-element elementor-element-2d17052\" data-id=\"2d17052\" data-element_type=\"column\">\n\t\t\t<div class=\"elementor-widget-wrap elementor-element-populated\">\n\t\t\t\t\t\t\t\t<div class=\"elementor-element elementor-element-77680b8d elementor-widget elementor-widget-text-editor\" data-id=\"77680b8d\" data-element_type=\"widget\" data-widget_type=\"text-editor.default\">\n\t\t\t\t<div class=\"elementor-widget-container\">\n\t\t\t\t\t<div class=\"elementor-text-editor elementor-clearfix\"><p><span style=\"font-weight: 400;\">Cada vez son m\u00e1s las empresas que destinan parte de sus recursos a la instalaci\u00f3n de conductos que disminuyan la contaminaci\u00f3n en sus instalaciones, apostando por la calidad en los mismos.<\/span><\/p><p><span style=\"font-weight: 400;\">El uso de materiales de acero inoxidable mucho m\u00e1s resistentes al deterioro. Los espesores m\u00ednimos que se utilizan en las instalaciones y que favorecen que los conductos r\u00e1pidamente entren en temperatura de trabajo, as\u00ed como los aislamientos t\u00e9rmicos que impiden el enfriamiento de los humos. Favorecen una menor producci\u00f3n de residuos que se expulsan al medio ambiente.<\/span><\/p><\/div>\n\t\t\t\t<\/div>\n\t\t\t\t<\/div>\n\t\t\t\t<div class=\"elementor-element elementor-element-672e252 elementor-align-center elementor-widget elementor-widget-button\" data-id=\"672e252\" data-element_type=\"widget\" data-widget_type=\"button.default\">\n\t\t\t\t<div class=\"elementor-widget-container\">\n\t\t\t\t\t<div class=\"elementor-button-wrapper\">\n\t\t\t<a href=\"https:\/\/montajedechimeneas.com\/?page_id=754\" class=\"elementor-button-link elementor-button elementor-size-sm\" role=\"button\">\n\t\t\t\t\t\t<span class=\"elementor-button-content-wrapper\">\n\t\t\t\t\t\t<span class=\"elementor-button-text\">Haz clic aqu\u00ed para contactarnos.<\/span>\n\t\t<\/span>\n\t\t\t\t\t<\/a>\n\t\t<\/div>\n\t\t\t\t<\/div>\n\t\t\t\t<\/div>\n\t\t\t\t\t<\/div>\n\t\t<\/div>\n\t\t\t\t\t\t\t<\/div>\n\t\t<\/section>\n\t\t\t\t<section class=\"elementor-section elementor-top-section elementor-element elementor-element-4fa11189 elementor-section-boxed elementor-section-height-default elementor-section-height-default\" data-id=\"4fa11189\" data-element_type=\"section\" data-settings=\"{&quot;background_background&quot;:&quot;gradient&quot;}\">\n\t\t\t\t\t\t<div class=\"elementor-container elementor-column-gap-no\">\n\t\t\t\t\t<div class=\"elementor-column elementor-col-100 elementor-top-column elementor-element elementor-element-6a0cb495\" data-id=\"6a0cb495\" data-element_type=\"column\">\n\t\t\t<div class=\"elementor-widget-wrap elementor-element-populated\">\n\t\t\t\t\t\t\t\t<div class=\"elementor-element elementor-element-4d9d9662 gallery-spacing-custom elementor-widget elementor-widget-image-gallery\" data-id=\"4d9d9662\" data-element_type=\"widget\" data-settings=\"{&quot;_animation&quot;:&quot;none&quot;}\" data-widget_type=\"image-gallery.default\">\n\t\t\t\t<div class=\"elementor-widget-container\">\n\t\t\t\t\t<div class=\"elementor-image-gallery\">\n\t\t\t<div id='gallery-1' class='gallery galleryid-1226 gallery-columns-6 gallery-size-medium_large'><figure class='gallery-item'>\n\t\t\t<div class='gallery-icon landscape'>\n\t\t\t\t<a data-elementor-open-lightbox=\"yes\" data-elementor-lightbox-slideshow=\"4d9d9662\" data-elementor-lightbox-title=\"Montaje de chimeneas en Madrid\" data-elementor-lightbox-description=\"Montaje de chimeneas en Madrid\" href='https:\/\/montajedechimeneas.com\/wp-content\/uploads\/2021\/04\/Industrias-2.jpg'><img loading=\"lazy\" decoding=\"async\" width=\"768\" height=\"576\" src=\"https:\/\/montajedechimeneas.com\/wp-content\/uploads\/2021\/04\/Industrias-2-768x576.jpg\" class=\"attachment-medium_large size-medium_large\" alt=\"Montaje de chimeneas en Madrid\" srcset=\"https:\/\/montajedechimeneas.com\/wp-content\/uploads\/2021\/04\/Industrias-2-768x576.jpg 768w, https:\/\/montajedechimeneas.com\/wp-content\/uploads\/2021\/04\/Industrias-2-300x225.jpg 300w, https:\/\/montajedechimeneas.com\/wp-content\/uploads\/2021\/04\/Industrias-2-1024x768.jpg 1024w, https:\/\/montajedechimeneas.com\/wp-content\/uploads\/2021\/04\/Industrias-2-1536x1152.jpg 1536w, https:\/\/montajedechimeneas.com\/wp-content\/uploads\/2021\/04\/Industrias-2.jpg 1600w\" sizes=\"auto, (max-width: 768px) 100vw, 768px\" \/><\/a>\n\t\t\t<\/div><\/figure><figure class='gallery-item'>\n\t\t\t<div class='gallery-icon landscape'>\n\t\t\t\t<a data-elementor-open-lightbox=\"yes\" data-elementor-lightbox-slideshow=\"4d9d9662\" data-elementor-lightbox-title=\"Montaje de chimeneas en Madrid\" data-elementor-lightbox-description=\"Montaje de chimeneas en Madrid\" href='https:\/\/montajedechimeneas.com\/wp-content\/uploads\/2021\/04\/Industrias-6.jpg'><img loading=\"lazy\" decoding=\"async\" width=\"768\" height=\"576\" src=\"https:\/\/montajedechimeneas.com\/wp-content\/uploads\/2021\/04\/Industrias-6-768x576.jpg\" class=\"attachment-medium_large size-medium_large\" alt=\"Montaje de chimeneas en Madrid\" srcset=\"https:\/\/montajedechimeneas.com\/wp-content\/uploads\/2021\/04\/Industrias-6-768x576.jpg 768w, https:\/\/montajedechimeneas.com\/wp-content\/uploads\/2021\/04\/Industrias-6-300x225.jpg 300w, https:\/\/montajedechimeneas.com\/wp-content\/uploads\/2021\/04\/Industrias-6-1024x768.jpg 1024w, https:\/\/montajedechimeneas.com\/wp-content\/uploads\/2021\/04\/Industrias-6-1536x1152.jpg 1536w, https:\/\/montajedechimeneas.com\/wp-content\/uploads\/2021\/04\/Industrias-6.jpg 1600w\" sizes=\"auto, (max-width: 768px) 100vw, 768px\" \/><\/a>\n\t\t\t<\/div><\/figure><figure class='gallery-item'>\n\t\t\t<div class='gallery-icon landscape'>\n\t\t\t\t<a data-elementor-open-lightbox=\"yes\" data-elementor-lightbox-slideshow=\"4d9d9662\" data-elementor-lightbox-title=\"Montaje de chimeneas en Madrid4\" data-elementor-lightbox-description=\"Montaje de chimeneas en Madrid\" href='https:\/\/montajedechimeneas.com\/wp-content\/uploads\/2021\/04\/Industrias-4.jpg'><img loading=\"lazy\" decoding=\"async\" width=\"768\" height=\"576\" src=\"https:\/\/montajedechimeneas.com\/wp-content\/uploads\/2021\/04\/Industrias-4-768x576.jpg\" class=\"attachment-medium_large size-medium_large\" alt=\"Montaje de chimeneas en Madrid\" srcset=\"https:\/\/montajedechimeneas.com\/wp-content\/uploads\/2021\/04\/Industrias-4-768x576.jpg 768w, https:\/\/montajedechimeneas.com\/wp-content\/uploads\/2021\/04\/Industrias-4-300x225.jpg 300w, https:\/\/montajedechimeneas.com\/wp-content\/uploads\/2021\/04\/Industrias-4-1024x768.jpg 1024w, https:\/\/montajedechimeneas.com\/wp-content\/uploads\/2021\/04\/Industrias-4-1536x1152.jpg 1536w, https:\/\/montajedechimeneas.com\/wp-content\/uploads\/2021\/04\/Industrias-4.jpg 1600w\" sizes=\"auto, (max-width: 768px) 100vw, 768px\" \/><\/a>\n\t\t\t<\/div><\/figure><figure class='gallery-item'>\n\t\t\t<div class='gallery-icon landscape'>\n\t\t\t\t<a data-elementor-open-lightbox=\"yes\" data-elementor-lightbox-slideshow=\"4d9d9662\" data-elementor-lightbox-title=\"Montaje de chimeneas en Madrid3\" data-elementor-lightbox-description=\"Montaje de chimeneas en Madrid\" href='https:\/\/montajedechimeneas.com\/wp-content\/uploads\/2021\/04\/Industrias-3-e1619602362784.jpg'><img loading=\"lazy\" decoding=\"async\" width=\"768\" height=\"463\" src=\"https:\/\/montajedechimeneas.com\/wp-content\/uploads\/2021\/04\/Industrias-3-e1619602362784-768x463.jpg\" class=\"attachment-medium_large size-medium_large\" alt=\"Montaje de chimeneas en Madrid\" srcset=\"https:\/\/montajedechimeneas.com\/wp-content\/uploads\/2021\/04\/Industrias-3-e1619602362784-768x463.jpg 768w, https:\/\/montajedechimeneas.com\/wp-content\/uploads\/2021\/04\/Industrias-3-e1619602362784-300x181.jpg 300w, https:\/\/montajedechimeneas.com\/wp-content\/uploads\/2021\/04\/Industrias-3-e1619602362784-1024x617.jpg 1024w, https:\/\/montajedechimeneas.com\/wp-content\/uploads\/2021\/04\/Industrias-3-e1619602362784-1536x925.jpg 1536w, https:\/\/montajedechimeneas.com\/wp-content\/uploads\/2021\/04\/Industrias-3-e1619602362784.jpg 1600w\" sizes=\"auto, (max-width: 768px) 100vw, 768px\" \/><\/a>\n\t\t\t<\/div><\/figure><figure class='gallery-item'>\n\t\t\t<div class='gallery-icon landscape'>\n\t\t\t\t<a data-elementor-open-lightbox=\"yes\" data-elementor-lightbox-slideshow=\"4d9d9662\" data-elementor-lightbox-title=\"Montaje de chimeneas en Madrid\" data-elementor-lightbox-description=\"Montaje de chimeneas en Madrid\" href='https:\/\/montajedechimeneas.com\/wp-content\/uploads\/2021\/04\/Industrias-1-scaled.jpg'><img loading=\"lazy\" decoding=\"async\" width=\"768\" height=\"576\" src=\"https:\/\/montajedechimeneas.com\/wp-content\/uploads\/2021\/04\/Industrias-1-scaled.jpg\" class=\"attachment-medium_large size-medium_large\" alt=\"Montaje de chimeneas en Madrid\" srcset=\"https:\/\/montajedechimeneas.com\/wp-content\/uploads\/2021\/04\/Industrias-1-scaled.jpg 2560w, https:\/\/montajedechimeneas.com\/wp-content\/uploads\/2021\/04\/Industrias-1-300x225.jpg 300w\" sizes=\"auto, (max-width: 768px) 100vw, 768px\" \/><\/a>\n\t\t\t<\/div><\/figure><figure class='gallery-item'>\n\t\t\t<div class='gallery-icon landscape'>\n\t\t\t\t<a data-elementor-open-lightbox=\"yes\" data-elementor-lightbox-slideshow=\"4d9d9662\" data-elementor-lightbox-title=\"Montaje de chimeneas en Madrid\" data-elementor-lightbox-description=\"Montaje de chimeneas en Madrid\" href='https:\/\/montajedechimeneas.com\/wp-content\/uploads\/2021\/04\/Industrias-5-scaled.jpg'><img loading=\"lazy\" decoding=\"async\" width=\"768\" height=\"576\" src=\"https:\/\/montajedechimeneas.com\/wp-content\/uploads\/2021\/04\/Industrias-5-scaled.jpg\" class=\"attachment-medium_large size-medium_large\" alt=\"Montaje de chimeneas en Madrid\" srcset=\"https:\/\/montajedechimeneas.com\/wp-content\/uploads\/2021\/04\/Industrias-5-scaled.jpg 2560w, https:\/\/montajedechimeneas.com\/wp-content\/uploads\/2021\/04\/Industrias-5-300x225.jpg 300w\" sizes=\"auto, (max-width: 768px) 100vw, 768px\" \/><\/a>\n\t\t\t<\/div><\/figure><figure class='gallery-item'>\n\t\t\t<div class='gallery-icon landscape'>\n\t\t\t\t<a data-elementor-open-lightbox=\"yes\" data-elementor-lightbox-slideshow=\"4d9d9662\" data-elementor-lightbox-title=\"Montaje de chimeneas en Madrid12\" data-elementor-lightbox-description=\"Montaje de chimeneas en Madrid\" href='https:\/\/montajedechimeneas.com\/wp-content\/uploads\/2021\/04\/Industrias-12-scaled.jpg'><img loading=\"lazy\" decoding=\"async\" width=\"768\" height=\"432\" src=\"https:\/\/montajedechimeneas.com\/wp-content\/uploads\/2021\/04\/Industrias-12-scaled.jpg\" class=\"attachment-medium_large size-medium_large\" alt=\"Montaje de chimeneas en Madrid\" srcset=\"https:\/\/montajedechimeneas.com\/wp-content\/uploads\/2021\/04\/Industrias-12-scaled.jpg 2560w, https:\/\/montajedechimeneas.com\/wp-content\/uploads\/2021\/04\/Industrias-12-300x169.jpg 300w\" sizes=\"auto, (max-width: 768px) 100vw, 768px\" \/><\/a>\n\t\t\t<\/div><\/figure><figure class='gallery-item'>\n\t\t\t<div class='gallery-icon portrait'>\n\t\t\t\t<a data-elementor-open-lightbox=\"yes\" data-elementor-lightbox-slideshow=\"4d9d9662\" data-elementor-lightbox-title=\"Montaje de chimeneas en Madrid\" data-elementor-lightbox-description=\"Montaje de chimeneas en Madrid\" href='https:\/\/montajedechimeneas.com\/wp-content\/uploads\/2021\/04\/Industrias-11.jpg'><img loading=\"lazy\" decoding=\"async\" width=\"594\" height=\"737\" src=\"https:\/\/montajedechimeneas.com\/wp-content\/uploads\/2021\/04\/Industrias-11.jpg\" class=\"attachment-medium_large size-medium_large\" alt=\"Montaje de chimeneas en Madrid\" srcset=\"https:\/\/montajedechimeneas.com\/wp-content\/uploads\/2021\/04\/Industrias-11.jpg 594w, https:\/\/montajedechimeneas.com\/wp-content\/uploads\/2021\/04\/Industrias-11-242x300.jpg 242w\" sizes=\"auto, (max-width: 594px) 100vw, 594px\" \/><\/a>\n\t\t\t<\/div><\/figure><figure class='gallery-item'>\n\t\t\t<div class='gallery-icon portrait'>\n\t\t\t\t<a data-elementor-open-lightbox=\"yes\" data-elementor-lightbox-slideshow=\"4d9d9662\" data-elementor-lightbox-title=\"Montaje de chimeneas en Madrid10\" data-elementor-lightbox-description=\"Montaje de chimeneas en Madrid\" href='https:\/\/montajedechimeneas.com\/wp-content\/uploads\/2021\/04\/Industrias-10-scaled.jpg'><img loading=\"lazy\" decoding=\"async\" width=\"768\" height=\"1024\" src=\"https:\/\/montajedechimeneas.com\/wp-content\/uploads\/2021\/04\/Industrias-10-scaled.jpg\" class=\"attachment-medium_large size-medium_large\" alt=\"Montaje de chimeneas en Madrid\" srcset=\"https:\/\/montajedechimeneas.com\/wp-content\/uploads\/2021\/04\/Industrias-10-scaled.jpg 1920w, https:\/\/montajedechimeneas.com\/wp-content\/uploads\/2021\/04\/Industrias-10-225x300.jpg 225w\" sizes=\"auto, (max-width: 768px) 100vw, 768px\" \/><\/a>\n\t\t\t<\/div><\/figure><figure class='gallery-item'>\n\t\t\t<div class='gallery-icon portrait'>\n\t\t\t\t<a data-elementor-open-lightbox=\"yes\" data-elementor-lightbox-slideshow=\"4d9d9662\" data-elementor-lightbox-title=\"Montaje de chimeneas en Madrid\" data-elementor-lightbox-description=\"Montaje de chimeneas en Madrid\" href='https:\/\/montajedechimeneas.com\/wp-content\/uploads\/2021\/04\/Industrias-9-scaled.jpg'><img loading=\"lazy\" decoding=\"async\" width=\"768\" height=\"1024\" src=\"https:\/\/montajedechimeneas.com\/wp-content\/uploads\/2021\/04\/Industrias-9-scaled.jpg\" class=\"attachment-medium_large size-medium_large\" alt=\"Montaje de chimeneas en Madrid\" srcset=\"https:\/\/montajedechimeneas.com\/wp-content\/uploads\/2021\/04\/Industrias-9-scaled.jpg 1920w, https:\/\/montajedechimeneas.com\/wp-content\/uploads\/2021\/04\/Industrias-9-225x300.jpg 225w\" sizes=\"auto, (max-width: 768px) 100vw, 768px\" \/><\/a>\n\t\t\t<\/div><\/figure><figure class='gallery-item'>\n\t\t\t<div class='gallery-icon portrait'>\n\t\t\t\t<a data-elementor-open-lightbox=\"yes\" data-elementor-lightbox-slideshow=\"4d9d9662\" data-elementor-lightbox-title=\"InduMontaje de chimeneas en Madridstrias 8\" data-elementor-lightbox-description=\"Montaje de chimeneas en Madrid\" href='https:\/\/montajedechimeneas.com\/wp-content\/uploads\/2021\/04\/Industrias-8-scaled.jpg'><img loading=\"lazy\" decoding=\"async\" width=\"768\" height=\"1024\" src=\"https:\/\/montajedechimeneas.com\/wp-content\/uploads\/2021\/04\/Industrias-8-scaled.jpg\" class=\"attachment-medium_large size-medium_large\" alt=\"Montaje de chimeneas en Madrid\" srcset=\"https:\/\/montajedechimeneas.com\/wp-content\/uploads\/2021\/04\/Industrias-8-scaled.jpg 1920w, https:\/\/montajedechimeneas.com\/wp-content\/uploads\/2021\/04\/Industrias-8-225x300.jpg 225w\" sizes=\"auto, (max-width: 768px) 100vw, 768px\" \/><\/a>\n\t\t\t<\/div><\/figure><figure class='gallery-item'>\n\t\t\t<div class='gallery-icon portrait'>\n\t\t\t\t<a data-elementor-open-lightbox=\"yes\" data-elementor-lightbox-slideshow=\"4d9d9662\" data-elementor-lightbox-title=\"Montaje de chimeneas en Madrid\" data-elementor-lightbox-description=\"Montaje de chimeneas en Madrid\" href='https:\/\/montajedechimeneas.com\/wp-content\/uploads\/2021\/04\/Industrias-7-scaled.jpg'><img loading=\"lazy\" decoding=\"async\" width=\"768\" height=\"1024\" src=\"https:\/\/montajedechimeneas.com\/wp-content\/uploads\/2021\/04\/Industrias-7-scaled.jpg\" class=\"attachment-medium_large size-medium_large\" alt=\"Montaje de chimeneas en Madrid\" srcset=\"https:\/\/montajedechimeneas.com\/wp-content\/uploads\/2021\/04\/Industrias-7-scaled.jpg 1920w, https:\/\/montajedechimeneas.com\/wp-content\/uploads\/2021\/04\/Industrias-7-225x300.jpg 225w\" sizes=\"auto, (max-width: 768px) 100vw, 768px\" \/><\/a>\n\t\t\t<\/div><\/figure>\n\t\t<\/div>\n\t\t<\/div>\n\t\t\t\t<\/div>\n\t\t\t\t<\/div>\n\t\t\t\t\t<\/div>\n\t\t<\/div>\n\t\t\t\t\t\t\t<\/div>\n\t\t<\/section>\n\t\t\t\t\t\t<\/div>\n\t\t\t\t\t<\/div>\n\t\t","protected":false},"excerpt":{"rendered":"<p>Industria Cada vez son m\u00e1s las empresas que destinan parte de sus recursos a la instalaci\u00f3n de conductos que disminuyan la contaminaci\u00f3n en sus instalaciones, apostando por la calidad en los mismos. El uso de materiales de acero inoxidable mucho m\u00e1s resistentes al deterioro. Los espesores m\u00ednimos que se utilizan en las instalaciones y que &hellip;<\/p>\n<p class=\"read-more\"> <a class=\"\" href=\"https:\/\/montajedechimeneas.com\/?page_id=1226\"> <span class=\"screen-reader-text\">industria<\/span> Leer m\u00e1s &raquo;<\/a><\/p>\n","protected":false},"author":1,"featured_media":0,"parent":0,"menu_order":0,"comment_status":"closed","ping_status":"closed","template":"","meta":{"_mi_skip_tracking":false,"site-sidebar-layout":"no-sidebar","site-content-layout":"page-builder","ast-global-header-display":"","ast-main-header-display":"","ast-hfb-above-header-display":"","ast-hfb-below-header-display":"","ast-hfb-mobile-header-display":"","site-post-title":"disabled","ast-breadcrumbs-content":"","ast-featured-img":"disabled","footer-sml-layout":"","theme-transparent-header-meta":"default","adv-header-id-meta":"","stick-header-meta":"","header-above-stick-meta":"","header-main-stick-meta":"","header-below-stick-meta":"","_joinchat":[],"footnotes":""},"class_list":["post-1226","page","type-page","status-publish","hentry"],"_links":{"self":[{"href":"https:\/\/montajedechimeneas.com\/index.php?rest_route=\/wp\/v2\/pages\/1226","targetHints":{"allow":["GET"]}}],"collection":[{"href":"https:\/\/montajedechimeneas.com\/index.php?rest_route=\/wp\/v2\/pages"}],"about":[{"href":"https:\/\/montajedechimeneas.com\/index.php?rest_route=\/wp\/v2\/types\/page"}],"author":[{"embeddable":true,"href":"https:\/\/montajedechimeneas.com\/index.php?rest_route=\/wp\/v2\/users\/1"}],"replies":[{"embeddable":true,"href":"https:\/\/montajedechimeneas.com\/index.php?rest_route=%2Fwp%2Fv2%2Fcomments&post=1226"}],"version-history":[{"count":91,"href":"https:\/\/montajedechimeneas.com\/index.php?rest_route=\/wp\/v2\/pages\/1226\/revisions"}],"predecessor-version":[{"id":2882,"href":"https:\/\/montajedechimeneas.com\/index.php?rest_route=\/wp\/v2\/pages\/1226\/revisions\/2882"}],"wp:attachment":[{"href":"https:\/\/montajedechimeneas.com\/index.php?rest_route=%2Fwp%2Fv2%2Fmedia&parent=1226"}],"curies":[{"name":"wp","href":"https:\/\/api.w.org\/{rel}","templated":true}]}}